alculate the highest common divisor of 1248 and 1794.
78
Calculate the greatest common divisor of 1364 and 434.
62
Calculate the greatest common divisor of 544 and 986.
34
Calculate the highest common factor of 5404 and 140.
28
Calculate the greatest common divisor of 296 and 1280.
8
What is the highest common factor of 46948 and 194?
194
Calculate the highest common factor of 1320 and 160.
40
What is the highest common factor of 128 and 39296?
128
Calculate the highest common divisor of 90 and 710.
10
What is the highest common divisor of 416 and 130?
26
What is the highest common divisor of 46 and 2185?
23
What is the greatest common factor of 26389 and 11?
11
What is the highest common divisor of 1728 and 1593?
27
Calculate the highest common divisor of 5072 and 32.
16
What is the greatest common factor of 4 and 176?
4
What is the highest common divisor of 22 and 1474?
22
Calculate the greatest common divisor of 59 and 1121.
59
What is the greatest common divisor of 2597 and 53?
53
Calculate the highest common divisor of 1419 and 165.
33
What is the greatest common divisor of 597 and 24?
3
Calculate the greatest common divisor of 28 and 266.
14
Calculate the greatest common divisor of 1430 and 390.
130
Calculate the highest common factor of 546 and 224.
14
What is the greatest common divisor of 166 and 12367?
83
Calculate the highest common factor of 400 and 144.
16
What is the highest common divisor of 1566 and 138?
6
Calculate the greatest common divisor of 56 and 32.
8
Calculate the greatest common divisor of 242 and 3025.
121
Calculate the highest common divisor of 299 and 156.
13
Calculate the highest common divisor of 3655 and 3440.
215
Calculate the highest common factor of 729 and 9.
9
Calculate the greatest common divisor of 9 and 927.
9
What is the highest common factor of 12 and 6?
6
Calculate the greatest common factor of 544 and 96.
32
Calculate the greatest common factor of 46 and 368.
46
What is the greatest common divisor of 82 and 492?
82
Calculate the highest common factor of 662 and 55277.
331
Calculate the greatest common divisor of 230 and 12.
2
What is the greatest common divisor of 6 and 4440?
6
What is the greatest common factor of 70 and 98?
14
What is the greatest common divisor of 171 and 456?
57
Calculate the highest common factor of 22080 and 80.
80
Calculate the highest common divisor of 305 and 30805.
305
Calculate the greatest common divisor of 4669 and 58.
29
Calculate the greatest common factor of 2175 and 25.
25
What is the highest common factor of 957 and 99?
33
What is the greatest common divisor of 190 and 410?
10
Calculate the highest common divisor of 1 and 67.
1
Calculate the greatest common factor of 680 and 646.
34
Calculate the greatest common divisor of 56 and 1064.
56
What is the greatest common divisor of 3024 and 594?
54
Calculate the greatest common factor of 399 and 228.
57
What is the greatest common divisor of 6 and 56?
2
Calculate the highest common divisor of 14 and 175.
7
What is the greatest common factor of 410 and 30?
10
What is the highest common divisor of 108 and 27?
27
What is the highest common divisor of 336 and 2544?
48
Calculate the greatest common divisor of 3 and 3777.
3
Calculate the highest common factor of 2847 and 39.
39
Calculate the highest common factor of 224 and 756.
28
What is the greatest common factor of 20 and 45?
5
What is the highest common factor of 32861 and 17?
17
What is the highest common divisor of 5522 and 22?
22
Calculate the greatest common factor of 26 and 2041.
13
What is the highest common factor of 1 and 16?
1
Calculate the highest common factor of 6 and 1785.
3
What is the greatest common factor of 88 and 4664?
88
What is the greatest common factor of 475 and 35?
5
Calculate the highest common factor of 10773 and 133.
133
What is the greatest common divisor of 194 and 2?
2
What is the greatest common divisor of 22 and 99?
11
What is the greatest common factor of 950 and 350?
50
What is the highest common factor of 1696 and 53?
53
What is the greatest common factor of 24 and 504?
24
Calculate the highest common factor of 123 and 393.
3
What is the greatest common divisor of 8621 and 1398?
233
Calculate the greatest common factor of 564 and 94.
94
Calculate the greatest common divisor of 9 and 63.
9
Calculate the highest common factor of 132 and 1122.
66
Calculate the greatest common divisor of 11573 and 142.
71
What is the highest common factor of 4924 and 8?
4
What is the highest common factor of 646 and 114?
38
Calculate the highest common factor of 270 and 17640.
90
Calculate the greatest common divisor of 24 and 588.
12
What is the highest common divisor of 10934 and 28?
14
Calculate the greatest common divisor of 3830 and 80.
10
What is the highest common divisor of 8 and 44?
4
What is the greatest common factor of 23 and 131?
1
Calculate the greatest common factor of 13169 and 26.
13
Calculate the highest common factor of 30 and 65.
5
What is the highest common divisor of 196 and 35?
7
Calculate the greatest common factor of 11037 and 39.
39
What is the greatest common factor of 312 and 96?
24
What is the highest common divisor of 58 and 2929?
29
What is the highest common divisor of 58 and 2407?
29
Calculate the greatest common divisor of 447 and 2.
1
What is the highest common divisor of 3 and 1011?
3
What is the greatest common divisor of 34 and 2006?
34
Calculate the greatest common divisor of 448 and 28.
28
Calculate the highest common factor of 826 and 1534.
118
Calculate the highest common divisor of 99 and 2871.
99
What is the highest common divisor of 3893 and 17?
17
What is the highest common divisor of 95 and 228?
19
What is the highest common factor of 5872 and 32?
16
What is the highest common factor of 284 and 781?
71
Calculate the highest common factor of 8832 and 690.
138
Calculate the greatest common divisor of 21 and 5.
1
What is the greatest common divisor of 263 and 16043?
263
Calculate the highest common factor of 73 and 11826.
73
What is the greatest common divisor of 130 and 884?
26
What is the highest common divisor of 2134 and 88?
22
Calculate the highest common factor of 207 and 23.
23
Calculate the highest common factor of 3 and 16.
1
What is the highest common factor of 13 and 1087?
1
Calculate the highest common divisor of 1807 and 13.
13
What is the highest common factor of 16 and 500?
4
What is the greatest common divisor of 124 and 8?
4
Calculate the greatest common divisor of 14 and 553.
7
What is the highest common divisor of 1190 and 602?
14
Calculate the greatest common factor of 722 and 2432.
38
Calculate the highest common factor of 6864 and 64.
16
Calculate the highest common factor of 96 and 600.
24
Calculate the highest common divisor of 64 and 448.
64
What is the greatest common divisor of 188 and 48128?
188
What is the highest common factor of 72 and 72?
72
What is the highest common factor of 144 and 384?
48
Calculate the greatest common divisor of 84 and 4340.
28
Calculate the greatest common divisor of 96 and 168.
24
What is the greatest common divisor of 45 and 375?
15
Calculate the highest common factor of 95 and 361.
19
Calculate the highest common factor of 18 and 48.
6
What is the highest common factor of 1204 and 860?
172
What is the greatest common divisor of 8 and 47?
1
What is the highest common factor of 42 and 70?
14
What is the highest common factor of 6486 and 138?
138
What is the highest common factor of 42246 and 18?
18
What is the highest common divisor of 128 and 152?
8
What is the highest common divisor of 6 and 354?
6
What is the greatest common divisor of 125 and 7125?
125
Calculate the greatest common factor of 1326 and 780.
78
Calculate the highest common factor of 4802 and 14.
14
Calculate the highest common factor of 8 and 46.
2
Calculate the highest common factor of 91 and 784.
7
Calculate the highest common divisor of 90 and 1360.
10
Calculate the greatest common factor of 159 and 1431.
159
What is the greatest common divisor of 112 and 368?
16
What is the highest common divisor of 28 and 1834?
14
What is the highest common divisor of 24 and 654?
6
What is the highest common divisor of 11377 and 62?
31
Calculate the greatest common factor of 15 and 723.
3
What is t